ber?
True
Is 191137 a prime number?
True
Is 14387 prime?
True
Is 21729 a composite number?
True
Is 54151 prime?
True
Is 19181 composite?
False
Is 26293 a prime number?
True
Is 17291 composite?
False
Is 105661 a composite number?
True
Is 168193 prime?
True
Is 3194 a composite number?
True
Is 91281 prime?
False
Is 12659 a composite number?
False
Is 235763 prime?
False
Is 68329 a prime number?
True
Is 243701 a composite number?
False
Is 3943 composite?
False
Is 586 composite?
True
Is 3365 prime?
False
Is 290347 prime?
True
Is 999299 a prime number?
False
Is 135515 composite?
True
Is 15467 composite?
False
Is 227777 a composite number?
True
Is 900511 a composite number?
False
Is 1637 composite?
False
Is 90169 composite?
True
Is 253 a prime number?
False
Is 48553 a composite number?
True
Is 2609 composite?
False
Is 582313 prime?
False
Is 1968611 composite?
False
Is 232477 a prime number?
False
Is 23431 a composite number?
False
Is 221197 prime?
True
Is 76031 a prime number?
True
Is 1681 composite?
True
Is 341143 a composite number?
True
Is 707311 prime?
False
Is 702743 a prime number?
True
Is 20089 prime?
True
Is 74281 prime?
False
Is 2569589 prime?
False
Is 58309 a prime number?
True
Is 5219 a prime number?
False
Is 3967 a composite number?
False
Is 24917 prime?
True
Is 307 prime?
True
Is 51971 a composite number?
False
Is 276649 prime?
False
Is 25537 composite?
False
Is 233 a composite number?
False
Is 20477 prime?
True
Is 5189 a prime number?
True
Is 56437 a prime number?
True
Is 14581 composite?
True
Is 29917 a prime number?
True
Is 1901 prime?
True
Is 10831 composite?
False
Is 1034549 prime?
True
Is 650177 prime?
False
Is 66485 a composite number?
True
Is 1295681 composite?
False
Is 43691 composite?
False
Is 141103 prime?
False
Is 6073 prime?
True
Is 15935 a composite number?
True
Is 301859 prime?
False
Is 71701 prime?
False
Is 7499 a prime number?
True
Is 57251 composite?
False
Is 37371 a prime number?
False
Is 450611 a composite number?
True
Is 4561 prime?
True
Is 191122 prime?
False
Is 28769 composite?
True
Is 1845881 a composite number?
False
Is 172631 composite?
True
Is 2477 prime?
True
Is 42841 composite?
False
Is 3149 composite?
True
Is 3223 composite?
True
Is 1092607 a composite number?
True
Is 6913 a prime number?
False
Is 152143 a composite number?
True
Is 4197 composite?
True
Is 21445 composite?
True
Is 200227 prime?
True
Is 2477 a composite number?
False
Is 7141 prime?
False
Is 122659 composite?
True
Is 453 a prime number?
False
Is 36797 prime?
False
Is 14693 a composite number?
True
Is 46621 a composite number?
True
Is 609103 a prime number?
False
Is 11657 a prime number?
True
Is 214153 a composite number?
True
Is 1639 a prime number?
False
Is 76273 a prime number?
False
Is 3047 a composite number?
True
Is 11369 a composite number?
False
Is 20239 a prime number?
False
Is 14321 a prime number?
True
Is 95619 composite?
True
Is 523867 composite?
False
Is 173429 composite?
False
Is 4689778 composite?
True
Is 65999 prime?
False
Is 43501 composite?
True
Is 3261 prime?
False
Is 205271 composite?
True
Is 138041 a composite number?
False
Is 4228853 a prime number?
True
Is 149983 a composite number?
True
Is 5399 composite?
False
Is 126059 a composite number?
True
Is 42587 a prime number?
False
Is 30293 a prime number?
True
Is 12881 a prime number?
False
Is 502 a composite number?
True
Is 132589 a prime number?
True
Is 48731 composite?
False
Is 140363 a prime number?
True
Is 18923 composite?
True
Is 11797 prime?
False
Is 1222409 prime?
True
Is 15547 a composite number?
True
Is 139571 a composite number?
False
Is 5837 prime?
False
Is 40251 composite?
True
Is 48595 a composite number?
True
Is 56123 a composite number?
False
Is 12955 prime?
False
Is 35831 composite?
False
Is 126683 prime?
True
Is 13021 a composite number?
True
Is 17197 a composite number?
True
Is 142 a prime number?
False
Is 62659 prime?
True
Is 374615 a composite number?
True
Is 65281 prime?
False
Is 4111 a composite number?
False
Is 3299 a composite number?
False
Is 43783 a composite number?
False
Is 32815 composite?
True
Is 151853 a prime number?
False
Is 4729 a prime number?
True
Is 22751 composite?
False
Is 520939 a composite number?
True
Is 125123 composite?
True
Is 224491 prime?
True
Is 25969 a composite number?
False
Is 2503 prime?
True
Is 31802 a composite number?
True
Is 228638 a composite number?
True
Is 74561 composite?
False
Is 128963 prime?
False
Is 178657 prime?
False
Is 18659 a prime number?
False
Is 44771 a prime number?
True
Is 40913 prime?
False
Is 1016237 a composite number?
False
Is 2149403 a composite number?
False
Is 309667 a prime number?
True
Is 751015 a composite number?
True
Is 85949 prime?
False
Is 43343 a prime number?
False
Is 45481 composite?
False
Is 493 composite?
True
Is 2041981 a composite number?
True
Is 55763 prime?
True
Is 6997 composite?
False
Is 6803 a composite number?
False
Is 4177 prime?
True
Is 411821 a prime number?
True
Is 29789 a composite number?
False
Is 269239 a prime number?
False
Is 58321 a prime number?
True
Is 12601 composite?
False
Is 24907 a prime number?
True
Is 640451 a composite number?
True
Is 14971 composite?
True
Is 17903 prime?
True
Is 6457 composite?
True
Is 194206 a prime number?
False
Is 9965 composite?
True
Is 27179 prime?
True
Is 4052339 prime?
False
Is 239929 a prime number?
True
Is 20573 a composite number?
True
Is 38651 a composite number?
False
Is 1016879 a composite number?
False
Is 64483 prime?
True
Is 3639 a prime number?
False
Is 50441 a composite number?
False
Is 142991 a prime number?
False
Is 2005667 a prime number?
True
Is 60859 composite?
False
Is 873169 prime?
False
Is 9197 a prime number?
False
Is 793861 prime?
False
Is 310741 prime?
True
Is 5737 prime?
True
Is 15031 a prime number?
True
Is 751 a composite number?
False
Is 133891 composite?
True
Is 3101 a prime number?
False
Is 13814 prime?
False
Is 100343 composite?
False
Is 86813 composite?
False
Is 12893 prime?
True
Is 12671 composite?
False
Is 2759909 prime?
True
Is 165071 composite?
True
Is 8813 a composite number?
True
Is 1936721 prime?
True
Is 258487 a prime number?
True
Is 11303 prime?
False
Is 61253 composite?
False
Is 1886818 a composite number?
True
Is 347 a prime number?
True
Is 791333 composite?
True
Is 78977 a prime number?
True
Is 1409381 composite?
False
Is 57023 a prime number?
False
Is 238079 a composite number?
False
Is 9029 composite?
False
Is 13307 prime?
False
Is 31709 a composite number?
True
Is 15623 composite?
True
Is 154311 prime?
False
Is 2984977 composite?
False
Is 84457 prime?
True
Is 193327 composite?
False
Is 799285 a composite number?
True
Is 5087 a prime number?
True
Is 368837 a composite number?
True
Is 1067 composite?
True
Is 125321 a prime number?
False
Is 177863 prime?
False
Is 163 a prime number?
True
Is 33863 prime?
True
Is 511087 a composite number?
False
Is 635 composite?
True
Is 1657 a prime number?
True
Is 260047 a composite number?
False
Is 3943 composite?
False
Is 294713 composite?
True
Is 29987 composite?
True
Is 87179 prime?
True
Is 484535 prime?
False
Is 163507 prime?
False
Is 1621 prime?
True
Is 15231 composite?
True
Is 33961 a prime number?
True
Is 108107 prime?
True
Is 246899 a prime number?
True
Is 230173 composite?
True
Is 864929 prime?
False
Is 4911 a prime number?
False
Is 129887 a prime number?
True
Is 2747 a composite number?
True
Is 101911 prime?
False
Is 773087 a prime number?
False
Is 57023 a composite number?
True
Is 138041 composite?
False
Is 282401 prime?
False
Is 599007 prime?
False
Is 14809 composite?
True
Is 83309 a composite number?
True
Is 7909 composite?
True
Is 50833 a composite number?
False
Is 133202 composite?
True
Is 66331 prime?
False
Is 10259 a prime number?
True
Is 13709 prime?
True
Is 603331 a composite number?
True
Is 152407 prime?
True
Is 243101 a prime number?
True
Is 10713 a prime number?
False
Is 51873 prime?
False
Is 97763 prime?
False
Is 1043 a prime number?
False
Is 2893 a composite number?
True
Is 2939347 a composite number?
False
Is 191999 a prime number?
True
Is 70373 prime?
True
Is 1066553 a composite number?
False
Is 104231 prime?
True
Is 12899 composite?
False
Is 19523 prime?
False
Is 16547 a composite number?
False
Is 13661 a composite number?
True
I